?
4
Let q be 24/(-5)*(-50)/15. Let z(i) = -3*i - 7. Let y be z(-5). What is the greatest common divisor of y and q?
8
Let n = 15 - 7. Let c = -16 - -9. Let j = -5 - c. Calculate the greatest common factor of n and j.
2
Let x be (-7)/(28/(-8))*22/4. Let t(p) = p**2 + 4*p - 1. Suppose 6 = 4*b - 14. Let d be t(b). What is the highest common divisor of d and x?
11
Suppose -d + 262 + 73 = x, 5*x - 5*d - 1625 = 0. What is the highest common factor of 30 and x?
30
Let m = 56 - 35. Calculate the greatest common factor of m and 7.
7
Suppose 14 + 11 = 5*n. Suppose 0 = -3*o - 5*t + 18, 3*t + 13 = 5*o - 17. Suppose -250 = -o*z + 20. What is the highest common divisor of z and n?
5
Let d(k) = -4*k**3 + 2*k**2 + 3*k + 2. Let w be d(-2). What is the highest common divisor of 6 and w?
6
Let o(v) = v + 11. Let c be o(0). Let b(z) = 13*z**2 - 28*z - 8. Let h be b(4). Calculate the greatest common divisor of h and c.
11
Let r(s) = -6*s**3 - 2*s**2 + s + 2. Let i be r(-1). What is the greatest common factor of i and 35?
5
Let p be (-106)/(-9) - 6/(-27). Suppose -3*c + 9 = -0. Suppose 5*j - 19 = -4*k, -4 + 10 = j + c*k. What is the greatest common divisor of j and p?
3
Let h be 28*(-6)/(-4) + 3. Suppose -5*j = -0*j - h. Calculate the highest common divisor of j and 18.
9
Let l be (-10)/((-2)/11 + 0). Calculate the greatest common factor of l and 11.
11
Let s(z) = -z**3 - 3*z**2 - 4*z + 4. Let j be s(-5). Let n = 273 + -95. Let t = n - j. Calculate the highest common divisor of 13 and t.
13
Let m be (-14)/(-63) - (-29)/(-9). Let r be 3 - 3 - m - -53. Suppose -3*k + 28 + r = 0. What is the greatest common factor of k and 7?
7
Suppose 0 = -3*q - 5*b - 20, -q - 2 - 6 = 2*b. Suppose q*a = a - 75. Calculate the highest common divisor of 30 and a.
15
Let d be (-2)/(-4)*(-1750)/(-5). What is the greatest common factor of d and 25?
25
Suppose 0 = -5*d, -3*r + 3*d - 7*d = -105. What is the greatest common factor of r and 5?
5
Let w = -11 + 35. Suppose 7 = 2*a - 5. Calculate the greatest common divisor of w and a.
6
Let y(g) = g + 21. Let k be y(-10). Calculate the greatest common divisor of 44 and k.
11
Suppose -4*g - 2 = -6. Suppose 0 = 4*p + g - 25. Calculate the greatest common factor of 4 and p.
2
Suppose 2 = -c - 20. Let o be 11/c*14/(-1). What is the highest common divisor of o and 49?
7
Let x = -3 + 7. Suppose -x = -4*a + 4, -4*y - 5*a - 22 = 0. Let v be (1 + 8)*y/(-6). What is the highest common divisor of 4 and v?
4
Suppose 4*j + j = 90. Let c(m) = m - 4. Let z be c(5). Let a(l) = 7*l - 1. Let k be a(z). What is the highest common divisor of k and j?
6
Let f(p) = 30*p**2 + 2*p - 1. Let b be f(1). Let n = b + -15. What is the highest common factor of n and 8?
8
Let l be 1/(-5)*-1 + (-96)/(-20). Calculate the greatest common divisor of l and 10.
5
Let q be (1 - 1 - 1)/1. Let w = 4 - q. Let j be ((-24)/36)/(2/(-15)). Calculate the highest common factor of j and w.
5
Let j(n) = 35*n**2 + 2*n - 1. Let i be j(2). Calculate the highest common factor of 13 and i.
13
Let x(u) = -u + 2. Let l be x(-1). Suppose 3*f - 78 = -l*q, 6*q - q = -3*f + 76. Calculate the greatest common divisor of 135 and f.
27
Suppose 0 = v + 10 - 52. What is the greatest common factor of v and 14?
14
Suppose -2*j = 2*k + 1 + 1, -3*k - 2*j + 1 = 0. Suppose -k*t + 12 = -0*t. What is the greatest common factor of 16 and t?
4
Suppose 248 = 2*g - 2*u - 2*u, g = 5*u + 121. Calculate the greatest common divisor of g and 18.
18
Let j be 1872/45 - (-4)/10. What is the highest common divisor of 6 and j?
6
Let m = -18 + 22. What is the greatest common divisor of m and 28?
4
Let t be 22/4 + (-1)/2. Suppose -u = 2*l - 14, 0*u + 70 = t*u - 3*l. Let m(r) = r + 35. Let k be m(0). What is the highest common factor of u and k?
7
Suppose n - 5*n = -28. Suppose a - 3 = -2*a. Calculate the highest common divisor of a and n.
1
Suppose -2*r + r + 8 = 0. Let u be (33/2)/(4/r). Calculate the highest common divisor of 22 and u.
11
Suppose -5*w + 149 = 2*t, 3*t - 5*w = -2*w + 213. Let k(b) = 4*b - 2. Let q be k(5). Calculate the highest common factor of t and q.
18
Suppose 0 = -4*p - p + 15. Suppose -47 = -5*a - 4*y + 2*y, 33 = 4*a - p*y. Calculate the greatest common divisor of a and 27.
9
Suppose 0 = r + 4 - 32. Let x(l) = 2*l - 50. Let n be x(27). What is the highest common divisor of n and r?
4
Suppose -5*u - 4*x = -9*u + 76, 62 = 4*u + 3*x. What is the greatest common factor of 51 and u?
17
Suppose 4*h - 11 = -m + 107, -6 = 2*h. What is the greatest common factor of m and 78?
26
Suppose 4*a = 46 + 6. Let v(r) = 2*r**2 + 7*r + 4. Let b be v(-4). Suppose 60 = 4*t + b. What is the greatest common factor of a and t?
13
Suppose 14 = 2*k - 5*t, 0 = -k - 0*k + 3*t + 8. Let l = 4 - k. What is the greatest common factor of 14 and l?
2
Let p be ((-15)/(-10))/((-31)/(-30) - 1). What is the greatest common divisor of p and 5?
5
Let v(c) = c + 26. Let u be v(-5). What is the greatest common factor of u and 21?
21
Let k(a) = 48*a + 3. Let c be (5/(-15))/((-1)/3). Let s be k(c). Let y be (-2)/(-6) + (-50)/(-3). What is the highest common divisor of s and y?
17
Let y = -157 - -169. Calculate the highest common divisor of y and 24.
12
Let i be -1*((1 - 0) + 0). Let l = 2 + i. Calculate the greatest common divisor of l and 11.
1
Let f(d) = -d**3 - 4*d**2 + 5*d + 5. Let h be f(-5). Calculate the highest common divisor of h and 5.
5
Let a be (7/((-105)/18))/(6/(-200)). Let n(o) = 2 - o + 1 - o**2 - 7*o. Let c be n(-7). What is the highest common factor of c and a?
10
Let o be (20/15)/((-6)/(-63)). What is the greatest common factor of 7 and o?
7
Let s(b) = b - 4. Let i be (-1)/(-3) - (-28)/6. Let o be s(i). Calculate the highest common divisor of o and 1.
1
Let p = 104 - 73. What is the highest common divisor of p and 62?
31
Let f(h) = h - 2. Let b be f(5). Suppose m - 20 = 3*v + v, 5*m - 148 = -4*v. Let d be (0/1 - 1) + m. Calculate the greatest common factor of d and b.
3
Let n be (-2)/8*-2*0. Suppose 9 = 5*b - 2*b. Suppose 5*w - 50 = 2*a, n = -0*a - b*a. Calculate the highest common factor of 15 and w.
5
Let n(j) = -2*j**3 - j**2 - 3*j + 1. Let q be n(-3). What is the greatest common factor of q and 11?
11
Let y be (1 - -9)/(-1)*13312/(-320). What is the highest common divisor of 52 and y?
52
Suppose 0 = 5*v - 28 - 57. Calculate the highest common divisor of 85 and v.
17
Suppose -113 - 23 = -a. Let s(r) = -120*r - 6. Let i be s(-6). Suppose -5*d + i = -a. Calculate the highest common factor of d and 17.
17
Suppose 5*h + 29 - 4 = 0. Let t(i) = i**2 + 2*i - 4. Let r be t(-5). Let n = h + r. What is the greatest common factor of n and 12?
6
Let t be ((-2)/(-4))/(5/(-90)). Let g be t/(-3) - (-2 + -1). Suppose 2*j - g = 4*a, j - 5*a - 13 = -2*j. Calculate the greatest common divisor of 121 and j.
11
Let x(i) = -i**3 + 2. Let q be x(0). Suppose -y + 2 = -q. What is the highest common factor of y and 32?
4
Suppose 59 = s - f, 5*s = 3*f + 148 + 149. Let h = 89 - 74. What is the greatest common divisor of h and s?
15
Let f = -42 + 74. Calculate the greatest common divisor of 48 and f.
16
Suppose 2*s = 4*s. Suppose 4*v + 1 - 9 = s. Suppose 0*g = v*g - 242. Calculate the greatest common divisor of g and 11.
11
Suppose 5*o = -3*s + 97, -4*s + 76 = 4*o - 2*s. What is the greatest common divisor of 68 and o?
17
Let h = -16 + 9. Let m = h - -8. Let n be m - (-11)/1 - 2. What is the greatest common factor of n and 110?
10
Let c(f) = -10*f + 10. Let a be c(-9). Let b be a*-2*1/(-4). What is the greatest common factor of b and 10?
10
Let w(y) = -y + 20. Let c be w(10). Calculate the greatest common divisor of c and 90.
10
Let m(d) = 0*d**2 + d**2 - 1 - d**3 + d + 3. Let u be m(0). Suppose -56 - 9 = -5*q + 5*o, -4*o - 70 = -5*q. Calculate the highest common divisor of q and u.
2
Suppose 4*f - 105 = -f. What is the greatest common factor of f and 14?
7
Suppose -5*t = -t + 4*m - 200, -250 = -5*t - 2*m. Let n be (2 - 21/15)*5. Suppose 0 = n*f - 0*f - 60. What is the greatest common factor of t and f?
10
Let n be 16 + -2 + 2 - 2. Let v be (3/2)/((-12)/(-16)). Let d be (-24)/(-11) + v/(-11). Calculate the greatest common factor of n and d.
2
Let i be (-6)/9*30/(-4). Suppose i*x = -0*x + 5*v + 85, 0 = -x - 3*v + 9. Calculate the highest common factor of x a